Dec 02 07:55:47.780 INFO testing Ethan826/card-chameleon against master#8940af3cea4a9a9deabcaf843b2f8cad9a83fc61 for beta-1.31-5
Dec 02 07:55:47.780 INFO running `"docker" "create" "-v" "/mnt/big/crater/work/local/target-dirs/beta-1.31-5/worker-6/master#8940af3cea4a9a9deabcaf843b2f8cad9a83fc61:/target:rw,Z" "-v" "/mnt/big/crater/work/local/test-source/worker-6/beta-1.31-5/master#8940af3cea4a9a9deabcaf843b2f8cad9a83fc61:/source:ro,Z" "-v" "/mnt/big/crater/work/local/cargo-home:/cargo-home:ro,Z" "-v" "/mnt/big/crater/work/local/rustup-home:/rustup-home:ro,Z" "-e" "USER_ID=1000" "-e" "SOURCE_DIR=/source" "-e" "USER_ID=1000" "-e" "CMD=cargo +8940af3cea4a9a9deabcaf843b2f8cad9a83fc61-alt build --frozen" "-e" "CARGO_TARGET_DIR=/target" "-e" "CARGO_INCREMENTAL=0" "-e" "RUST_BACKTRACE=full" "-e" "RUSTFLAGS=--cap-lints=warn" "-e" "CARGO_HOME=/cargo-home" "-e" "RUSTUP_HOME=/rustup-home" "-m" "1536M" "--network" "none" "crater"`
Dec 02 07:55:48.016 INFO [stdout] 073e8480f4fccacec06986e99d6b5e84b0be44e943d30f7cc93254c62465815b
Dec 02 07:55:48.018 INFO running `"docker" "start" "-a" "073e8480f4fccacec06986e99d6b5e84b0be44e943d30f7cc93254c62465815b"`
Dec 02 07:55:48.428 INFO [stderr] usermod: no changes
Dec 02 07:55:48.498 INFO [stderr]    Compiling card-chameleon v0.1.0 (/source)
Dec 02 07:55:49.395 INFO [stderr] error[E0432]: unresolved import `self::Deck`
Dec 02 07:55:49.395 INFO [stderr]    --> src/deck.rs:246:15
Dec 02 07:55:49.395 INFO [stderr]     |
Dec 02 07:55:49.395 INFO [stderr] 246 |     use self::Deck::*;
Dec 02 07:55:49.395 INFO [stderr]     |               ^^^^ not a module `Deck`
Dec 02 07:55:49.395 INFO [stderr] 
Dec 02 07:55:49.395 INFO [stderr] error[E0432]: unresolved import `self::Card`
Dec 02 07:55:49.395 INFO [stderr]    --> src/deck.rs:245:15
Dec 02 07:55:49.395 INFO [stderr]     |
Dec 02 07:55:49.395 INFO [stderr] 245 |     use self::Card::*;
Dec 02 07:55:49.395 INFO [stderr]     |               ^^^^ not a module `Card`
Dec 02 07:55:49.395 INFO [stderr] 
Dec 02 07:55:49.396 INFO [stderr] error[E0554]: #![feature] may not be used on the beta release channel
Dec 02 07:55:49.396 INFO [stderr]  --> src/lib.rs:1:1
Dec 02 07:55:49.396 INFO [stderr]   |
Dec 02 07:55:49.397 INFO [stderr] 1 | #![feature(try_from)]
Dec 02 07:55:49.397 INFO [stderr]   | ^^^^^^^^^^^^^^^^^^^^^
Dec 02 07:55:49.397 INFO [stderr] 
Dec 02 07:55:49.397 INFO [stderr] error: aborting due to 3 previous errors
Dec 02 07:55:49.397 INFO [stderr] 
Dec 02 07:55:49.397 INFO [stderr] Some errors occurred: E0432, E0554.
Dec 02 07:55:49.397 INFO [stderr] For more information about an error, try `rustc --explain E0432`.
Dec 02 07:55:49.404 INFO [stderr] error: Could not compile `card-chameleon`.
Dec 02 07:55:49.404 INFO [stderr] 
Dec 02 07:55:49.404 INFO [stderr] To learn more, run the command again with --verbose.
Dec 02 07:55:49.406 INFO [stderr] su: No module specific data is present
Dec 02 07:55:49.715 INFO running `"docker" "inspect" "073e8480f4fccacec06986e99d6b5e84b0be44e943d30f7cc93254c62465815b"`
Dec 02 07:55:49.857 INFO running `"docker" "rm" "-f" "073e8480f4fccacec06986e99d6b5e84b0be44e943d30f7cc93254c62465815b"`
Dec 02 07:55:49.985 INFO [stdout] 073e8480f4fccacec06986e99d6b5e84b0be44e943d30f7cc93254c62465815b
